*j - 14804. What is q(-37)?
-4
Let d(x) = x**2 + 179*x + 5456. Calculate d(-39).
-4
Let h(d) = -7*d**3 - 6*d**2 + 93*d + 287. Determine h(-3).
143
Let x(j) = -23*j**2 + 117*j - 4. Give x(5).
6
Let l(y) = -93*y - 751. What is l(-8)?
-7
Let z(b) = -113*b**3 + 3*b + 4. Give z(-1).
114
Let d(g) = -4*g**2 + 46*g + 214. What is d(15)?
4
Let u(k) = -k**2 + 15*k + 152. What is u(22)?
-2
Let t(y) = -6*y**3 + y**2 - 16*y + 16. Calculate t(1).
-5
Let s(y) = -y**3 + 14*y**2 - 20*y + 57. Determine s(12).
105
Let l(o) = -o**2 - 309*o - 17706. Give l(-76).
2
Let u(q) = -120*q**2 - 851*q - 62. What is u(-7)?
15
Let q(d) = 32*d - 688. What is q(23)?
48
Let m(v) = -28*v - 78. Determine m(-7).
118
Let u(w) = -w**3 - w**2 + 62*w + 239. Calculate u(9).
-13
Let u(l) = 390*l - 1601. Give u(4).
-41
Let j(s) = -13*s - 49. Determine j(-8).
55
Let p(t) = t**3 - 22*t**2 + 85*t - 247. What is p(18)?
-13
Let q(t) = t**3 - 6*t**2 - 1337*t + 8030. Give q(6).
8
Let i(g) = -65*g - 1982. Calculate i(-30).
-32
Let k(q) = -q**3 - 37*q**2 - 64*q + 218. What is k(-35)?
8
Let p(i) = 20695*i + 62092. Give p(-3).
7
Let l(p) = -8*p - 79. Calculate l(-12).
17
Let s(f) = 4597*f + 13772. Calculate s(-3).
-19
Let b(f) = -120*f - 2524. What is b(-21)?
-4
Let b(d) = 137*d + 4514. Give b(-33).
-7
Let h(g) = 10*g + 138. Calculate h(-28).
-142
Let z(a) = 23*a**3 + 2*a**2 - 18*a - 19. Determine z(-1).
-22
Let g(w) = -w**3 + 18*w**2 + 337*w - 267. What is g(-12)?
9
Let h(w) = -29*w**2 - 154*w + 469. Calculate h(3).
-254
Let t(r) = 3*r**3 + 83*r**2 - 112*r + 114. Calculate t(-29).
-2
Let c(f) = -197*f + 6939. Give c(35).
44
Let v(l) = -4*l + 473. What is v(72)?
185
Let b(g) = -20*g - 17. What is b(0)?
-17
Let m(v) = 970*v - 8712. Give m(9).
18
Let h(l) = -246*l - 1959. Give h(-10).
501
Let v(l) = -l**2 + 567*l - 72178. Determine v(193).
4
Let g(y) = y**2 + 139*y - 3180. Give g(-159).
0
Let z(d) = 3*d**3 + 3*d**2 + 10*d + 98. Calculate z(-5).
-252
Let y(u) = 5*u**3 + 31*u**2 + 18*u + 21. Give y(-6).
-51
Let h(p) = 1577*p - 11026. Calculate h(7).
13
Let x(j) = -j**3 - 43*j**2 + 182*j + 29. Give x(4).
5
Let b(o) = -o**3 + 11*o**2 - 819*o + 9015. Give b(11).
6
Let b(o) = 2*o**3 - 76*o**2 + 73*o - 41. Determine b(37).
-78
Let z(i) = -7*i + 120. Give z(8).
64
Let i(l) = l**3 + 9*l**2 - 98*l + 43. What is i(6)?
-5
Let a(u) = 15*u**2 - 66*u + 282. Determine a(4).
258
Let i(k) = -924*k - 2768. Calculate i(-3).
4
Let i(w) = 3363*w - 6716. Calculate i(2).
10
Let o(x) = 40*x + 2006. Give o(-50).
6
Let b(w) = -6*w**2 - 57*w + 104. What is b(-11)?
5
Let d(p) = p**2 + p - 48. Give d(0).
-48
Let v(m) = -m**2 - 27*m - 14. Determine v(-17).
156
Let l(q) = q**2 - 91*q + 1114. Give l(77).
36
Let k(l) = -4*l**2 - 795*l + 225. Calculate k(-199).
26
Let z(a) = 2*a**3 - 1411*a**2 + 4*a + 4. Calculate z(0).
4
Let p(r) = r**3 - 9*r**2 - 288*r + 58. Give p(22).
14
Let q(u) = -15*u**2 - 16*u + 82. Determine q(4).
-222
Let x(h) = -2*h**3 + 73*h**2 - 38*h + 26. What is x(36)?
-46
Let a(y) = -3*y**2 - 184*y - 1640. Give a(-11).
21
Let f(r) = -9*r**2 + 84*r - 100. What is f(8)?
-4
Let k(d) = 268*d + 294. Calculate k(-1).
26
Let r(m) = -m**3 + 16*m**2 - 28*m + 154. Calculate r(16).
-294
Let t(c) = 135*c + 913. Calculate t(-11).
-572
Let l(j) = -j**3 - 117*j**2 + 236*j - 229. Determine l(-119).
9
Let o(u) = -49*u - 1080. Give o(-21).
-51
Let j(b) = 3*b - 59. Determine j(4).
-47
Let z(f) = 55*f - 1071. Calculate z(3).
-906
Let w(x) = 17*x**2 - 21*x + 20. Calculate w(1).
16
Let j(g) = 4*g**2 + 35*g - 457. What is j(-16)?
7
Let b(j) = -3*j**2 + 22*j - 98. What is b(4)?
-58
Let v(q) = q**2 + 3*q - 72. Calculate v(5).
-32
Let v(j) = -229*j + 2175. Calculate v(9).
114
Let o(x) = -2*x**3 - 28*x**2 + 3*x + 10. Give o(-14).
-32
Let y(o) = -121*o - 18641. What is y(-154)?
-7
Let s(u) = -2*u**2 - 26*u + 104. Give s(6).
-124
Let j(c) = -2*c**3 - 66*c**2 + 141*c + 11. Give j(-35).
-24
Let a(s) = -1706*s - 8538. Determine a(-5).
-8
Let h(s) = 8*s - 440. Give h(51).
-32
Let b(l) = -l**3 + 21*l**2 + 22*l + 196. Give b(22).
196
Let h(i) = -9*i**3 + 415*i**2 - 43*i - 139. Calculate h(46).
-1
Let c(v) = -7*v + 633. Give c(40).
353
Let i(k) = -96*k + 663. Give i(7).
-9
Let z(q) = -1034*q - 4211. What is z(-4)?
-75
Let y(c) = c**2 - 458*c - 1387. Calculate y(-3).
-4
Let k(w) = 2*w**2 + w - 1. Give k(0).
-1
Let f(l) = -2*l**3 - 5*l**2 - 12*l - 5. What is f(-1)?
4
Let l(i) = -i**2 - 91*i + 463. Calculate l(5).
-17
Let u(w) = 286*w - 32. Determine u(1).
254
Let q(a) = -2*a**2 - 20*a - 52. Calculate q(-7).
-10
Let c(h) = h**3 + 20*h**2 - 64*h + 113. What is c(-23)?
-2
Let v(l) = -l**2 + 2826*l + 16994. Calculate v(-6).
2
Let r(n) = 8*n**2 - n - 60. What is r(-5)?
145
Let v(x) = 4493*x - 31450. Determine v(7).
1
Let q(s) = s**2 - 332*s + 2567. Determine q(8).
-25
Let z(r) = r**2 + 14*r + 18. Give z(-6).
-30
Let z(u) = -u**3 + 17*u**2 + 59*u - 1437. Give z(13).
6
Let z(p) = p**3 - 123*p**2 + 149*p - 3297. Determine z(122).
-3
Let t(c) = 16*c + 121. What is t(-14)?
-103
Let w(m) = 5*m**2 + 1023*m - 412. Determine w(-205).
-2
Let f(n) = -101*n - 79. What is f(1)?
-180
Let r(s) = -s**3 - 6*s**2 + 22*s + 104. Determine r(-4).
-16
Let a(p) = 668*p - 1977. Give a(4).
695
Let d(a) = a**3 - 134*a**2 + 239*a + 3340. Give d(132).
40
Let o(b) = -2*b**2 - 164*b - 1215. Give o(-72).
225
Let t(u) = 336*u + 3979. Give t(-12).
-53
Let p(j) = 132*j + 99. Give p(-3).
-297
Let l(q) = -13*q**2 - 11*q + 10. Calculate l(1).
-14
Let g(z) = -3*z**3 - 40*z**2 + 88*z + 1281. Determine g(-13).
-32
Let q(p) = -9*p**2 + 4*p + 4. Determine q(-3).
-89
Let o(w) = w**2 + 781*w + 6989. Give o(-9).
41
Let l(q) = q**3 - 10*q**2 - 6*q. Give l(11).
55
Let q(x) = x**2 - 37*x + 79. What is q(2)?
9
Let r(q) = -2*q**2 + 3*q + 54. Determine r(-3).
27
Let r(u) = -140*u - 579. What is r(-4)?
-19
Let k(s) = -s**3 - 21*s**2 - 36*s + 111. What is k(-19)?
73
Let m(h) = -1611*h - 9635. What is m(-6)?
31
Let y(s) = 3708*s + 107529. Calculate y(-29).
-3
Let s(v) = -v**2 + 65*v - 212. Determine s(58).
194
Let i(b) = b**3 + 4*b**2 - 10*b + 21. What is i(-6)?
9
Let v(k) = k**3 + 16*k**2 - 163*k + 3. Give v(8).
235
Let y(n) = 324*n - 1906. Give y(6).
38
Let u(d) = -5*d**3 + 3*d**2 - 111*d + 108. What is u(1)?
-5
Let j(k) = -90*k - 2240. Give j(-25).
10
Let u(p) = p**3 - 12*p**2 - 25*p + 197. Calculate u(13).
41
Let t(k) = 206*k - 6844. Determine t(33).
-46
Let b(i) = -3460*i - 20814. What is b(-6)?
-54
Let q(b) = -2*b**2 + 44*b - 241. Determine q(13).
-7
Let t(c) = 9*c**2 + 3*c - 118. What is t(-4)?
14
Let y(l) = l**2 - 21*l - 148. Give y(22).
-126
Let o(v) = -v**2 + 136*v + 4193. Give o(-26).
-19
Let v(t) = -3*t**2 + 30*t - 93. Calculate v(13).
-210
Let z(q) = 18*q**2 - 745*q - 480. Calculate z(42).
-18
Let y(z) = 444*z + 3100. Give y(-7).
-8
Let x(a) = -a**3 + 12*a**2 - 15*a + 44. What is x(11)?
0
Let t(p) = 315*p - 2173. Give t(7).
32
Let x(z) = 169*z**2 - 3*z + 2. What is x(1)?
168
Let j(h) = h**3 + 38*h**2 + 170*h + 169. Calculate j(-33).
4
Let d(f) = -f**3 - 31*f**2 + 25*f - 217. Determine d(-32).
7
Let a(o) = -o**3 + 19*o**2 - 40*o + 63. Give a(17).
-39
Let i(o) = -o**3 - 3*o + 26. What is i(0)?
26
Let m(p) = -12*p**2 + 113*p + 1543. Give m(17).
-4
Let j(x) = -1499*x + 58467. Determine j(39).
6
Let r(j) = -j**3 - j**2 + 5*j + 3. Calculate r(5).
-122
Let p(w) = 6*w**2 - 3*w + 6. What is p(2)?
24
Let n(b) = 3*b**2 - 104*b + 392. Give n(28).
-168
Let n(p) = p**2 - 83*p + 632. Determine n(74).
-34
Let d(l) = l**3 + 53*l**2 + 128*l + 3956. Give d(-52).
4
Let o(k) = -16*k - 1154. Calculate o(-72).
-2
Let f(v) = v**3 + 22*v**2 - 55*v - 153. What is f(-24)?
15
Let p(u) = -u**3 - 49*u**2 + 111*u + 464. Give p(-51).
5
Let c(f) = -f**3 - 4*f**2 + 54*f + 300. Calculate c(-5).
55
Let t(v) = v**3 - 20*v**2 - 64*v - 55. What is t(23)?
60
Let u(p) = 2*p**3 + 5*p**2 - 145*p + 51. Determine u(7).
-33
Let z(c) = 4*c**3 + 10*c**2 + 5*c + 5. Calculate z(-4).
-111
Let h(j) = -j**2 - 24*j + 77. What is h(-27)?
-4
Let l(x) = 181*x - 3996. Give l(22).
-14
Let b(m) = -1032*m - 2060. Determine b(-2).
4
Let c(f) = 42*f - 864. Calculate c(22).
60
Let a(b) = -b**3 - 22*b - 116. Determine a(-4).
36
Let o(k) = -7*k**3 - 133*k**2 + 273*k - 1. Determine o(2).
-43
Let w(q) = 22*q + 386. Calculate w(-28).
-230
Let p(u) = -121*u - 10517